Does 39 divide f(-26)?
True
Let n(o) = 19*o**2 - 139*o - 16. Is 3 a factor of n(-15)?
False
Suppose 3*n + 20 = 11. Does 23 divide (2070/(-35))/(n + 117/42)?
True
Let n be (-3)/5*1500/(-450). Let x = -104 - -164. Suppose -7*g + x = -n*g. Is 12 a factor of g?
True
Suppose z = 14*z - 3371 + 381. Is 5 a factor of z?
True
Let c be 5/10 + (-2)/((-8)/6). Suppose c*i = b + 150, -3*i = -0*i - 5*b - 225. Does 31 divide i?
False
Let j(c) = -c - 24. Let y be j(-29). Suppose 3*w - 1236 = -7*b + 4*b, 2*w - y*b = 852. Is 32 a factor of w?
True
Let p = 97 - 99. Let f be (-2)/10*10/(-2). Is (f/(-1))/(p - 591/(-297)) a multiple of 33?
True
Let o(m) = m**2 + 13*m + 12. Let z be o(-12). Suppose z*l = 2*l + 10. Does 11 divide (-63)/l*(-20)/(-3)?
False
Let x = -137 - -188. Suppose x*y = 42*y + 4032. Does 14 divide y?
True
Let v(w) = 10*w - 46. Let u be v(12). Let c = -70 + u. Is (-2 - (-3886)/10) + c/10 a multiple of 36?
False
Suppose 11*o - j - 381 = 12*o, 0 = -2*o + 2*j - 742. Let u = 174 - o. Does 11 divide u?
True
Is (3/2)/((-630)/1680) - -64744 a multiple of 166?
True
Let c(d) = -3*d**3 + 19*d**2 - 10*d + 6. Let l be c(5). Does 16 divide (-8)/((l/124)/(-7))?
False
Suppose 6*u - 15*u + 65201 = -16375. Is u a multiple of 26?
False
Let h(p) = 2*p**3 - 145*p**2 - 14*p - 79. Is 28 a factor of h(73)?
True
Let d(q) = 5*q**3 + 18*q**2 + 19*q - 54. Does 11 divide d(8)?
False
Let r be 69 + (1 + 1)/1. Let o(b) = -26*b**2 - 2783*b - 64. Let y be o(-107). Let i = r - y. Is 11 a factor of i?
False
Suppose 5*h + 3*b - 82 = 0, -4*b + 19 = 3. Suppose -3*s = 2*f - 306, -473 = -3*f - 4*s - h. Is 9 a factor of f?
True
Let t(u) = -u**2 - 34*u - 2. Let x be t(-34). Let i(p) = -146*p + 8. Does 30 divide i(x)?
True
Suppose n = z + 46, 0 = -2*n - 5*z + 8 + 112. Suppose 2*k + 3*t + 119 = 0, -t - 11 = -2*k - 118. Let l = n - k. Does 21 divide l?
True
Let k be (22/(-4) - -2)*(-5 - -3). Is 13 a factor of k/(-7) + 1432/4?
False
Let o(q) = q**3 + 29*q**2 + 29*q - 369. Does 16 divide o(-16)?
False
Let q be 2*-6*5/(-10). Let u be (-12)/(-3 + 27/q). Let b = 24 - u. Does 25 divide b?
False
Let v be 818/(10/5)*3. Let r = -487 + v. Is r a multiple of 24?
False
Let n be 29232/10 - -2 - (-16)/(-80). Suppose 42*x - 33*x = n. Is 25 a factor of x?
True
Let z = -2439 + 4924. Is 5 a factor of z?
True
Suppose -11*i + 114760 = 9*i. Does 19 divide i?
True
Let r(t) = 0 - 21*t + 1 + 22 - 4. Let j be r(-3). Does 20 divide ((15/(-5))/(-6))/(1/j)?
False
Let y(p) = -12*p**2 + 13*p - 17. Let v(w) = -10*w - 6. Let d be v(-1). Let q be y(d). Is (q - 4)/(-5 - -4) a multiple of 23?
True
Let f(v) = 64*v**2 + 42*v - 81. Is f(-10) a multiple of 39?
False
Let i be 2/(-14) - (-44412)/(-21). Is 3 - (i/(-25) + -6)*-5 a multiple of 6?
True
Let m(d) = -61*d + 2947. Is m(42) a multiple of 10?
False
Let c(a) = 0*a**2 - 7*a**2 + 8*a**2 - 7*a + 28 - a**3 - 13*a**2. Is c(-13) a multiple of 18?
True
Suppose -51152 = -4*g + 2*b, -15*g - 4*b + 110044 + 81753 = 0. Is 6 a factor of g?
False
Let i(r) = r**2 - 5*r - 1. Suppose 5*y + 0*y = 30. Let v be i(y). Suppose -n + 600 = 4*c - 3*n, 2*c - v*n = 308. Is 17 a factor of c?
False
Let m = 9215 + 637. Is 156 a factor of m?
False
Let y(l) = l. Let g(s) = -16*s - 11. Let f(z) = g(z) + 6*y(z). Let j be (3 + 1)*1*-1. Is 23 a factor of f(j)?
False
Let p = -1207 + 1367. Is 2 a factor of p?
True
Suppose -21*y + 118 = -23*y. Let o = -24 - y. Suppose -i + c = -o, 10*i - 147 = 5*i - 2*c. Does 5 divide i?
False
Suppose 0 = -a + 4*g + 4, 5*a = -2*g + 4*g + 92. Let n be (-811)/(-5) - a/(-25). Suppose -x + 101 = -n. Is x a multiple of 24?
True
Let t = -223 - -204. Let q(p) = 2*p**2 + 33*p - 21. Is 35 a factor of q(t)?
False
Let b(w) = 766*w + 454. Does 42 divide b(5)?
True
Suppose -379 = -5*s + 4*o, -s + 2*o + 128 - 51 = 0. Does 3 divide 637/(-130)*(-4)/7*s?
True
Suppose -5*v + 4 = -3*v. Let i(z) = -22*z + 79*z**2 - 37*z**v - 43*z**2 - 33. Is 4 a factor of i(-19)?
True
Let i(v) = 149*v + 108. Let u be i(-8). Let x = u + 1812. Does 56 divide x?
True
Suppose 0 = 38*s - 42*s. Suppose s = -11*k + 3*k + 24. Suppose -k*l - 4*b + 632 = 0, 4*l = l + b + 622. Does 16 divide l?
True
Let f be (-303)/(-6) - (6/(-12) + 0). Suppose -4*h - 49*o + f*o = -1294, -5*h + 4*o = -1616. Does 18 divide h?
True
Suppose -102*h + 2 = -100*h. Let z = h - -8. Suppose -z*n + 83 = -241. Is 9 a factor of n?
True
Suppose 370 = -290*a + 291*a. Let o = a - 102. Is o a multiple of 46?
False
Let l = -470 - -637. Let o = 1283 - l. Is 31 a factor of o?
True
Let a(d) = -3*d - 17. Suppose -m + 3*q - 13 = 0, 5*m = 3*q + 2*q - 45. Let u be a(m). Suppose 148 = 2*t + 2*t - 3*o, 140 = u*t - o. Does 34 divide t?
True
Suppose 40 = 2*d - 2*g, -g = 2*d + 2*d - 95. Suppose 28*k - 3215 = d*k. Is 37 a factor of k?
False
Suppose 2*k - 16 = 2*o - 0, 4*k = -3*o - 3. Let u be k/2*310/15. Suppose -u*d = -27*d - 144. Is d a multiple of 5?
False
Let n be ((-740)/(-1))/(9 + -2 - 5). Suppose 2*a + n - 658 = 0. Does 24 divide a?
True
Let r(c) = c**2 - 8*c + 5. Let i be r(20). Suppose 9*a = h + 7*a - i, 5*a + 974 = 4*h. Does 18 divide h?
False
Let k = -8853 - -10182. Is 8 a factor of k?
False
Suppose -9*r = -849 - 141. Suppose -86*b + 85*b = -r. Is b a multiple of 22?
True
Let q be -1 - (16/(-6) + 5/(-15)). Suppose 0 = 4*u + q*i + 20, -u - 4*i + 2*i - 8 = 0. Is 1/u + 346*(-3)/(-24) a multiple of 10?
False
Does 52 divide (7 - -1301)*1 + (-9 - -1)?
True
Let l = -188 - -206. Suppose -398 + 974 = l*y. Is y a multiple of 16?
True
Let t = -213 - 13. Let o = -70 - t. Is 26 a factor of o?
True
Let y = 2854 + -1615. Suppose 1041 = 24*d - y. Is d a multiple of 19?
True
Let g = -665 + 413. Is 63/g + 1914/8 a multiple of 10?
False
Suppose 3*w + 305 = 5*c, 5*c + 4*w = 2*w + 330. Is (c/40)/((-16)/(-1720)) a multiple of 9?
False
Let r = -173 + 246. Suppose -n - r = -76. Suppose 2*h - 5*q + 31 = 3*h, 5*h - n*q = 127. Does 13 divide h?
True
Let i = -14486 - -28335. Suppose 21*s - i = -1753. Is 96 a factor of s?
True
Let n = 2014 + 314. Is n a multiple of 22?
False
Suppose -4*o = 16, -3*s = -2*s + 5*o + 20. Suppose s = -3*c - 3, -4*c = -2*n - 3*c - 13. Let m(j) = -j**3 - 4*j**2 - 2*j - 1. Does 10 divide m(n)?
True
Suppose 1938*b + 121500 = 1983*b. Is 7 a factor of b?
False
Let g(p) = -p**3 + 6*p**2 - 3*p + 18. Let k be g(6). Suppose k = -3*m - 15, 5*c + 0*m + m = 710. Suppose -4*z + 145 = -c. Does 24 divide z?
True
Let o(v) = -304*v - 2. Let i(c) = 609*c + 3. Let p(n) = -3*i(n) - 5*o(n). Let r be p(-1). Suppose 0 = -10*q + 14*q - r. Is 7 a factor of q?
True
Is 46 a factor of 0 + 21249 + 2 - (-17 - (-32)/2)?
True
Suppose 0 = 2*d - 20 - 128. Let i = -71 + d. Suppose 0 = 6*b - i*b - 174. Does 29 divide b?
True
Let y(b) = -b**3 + 18*b**2 + 63*b. Let a be y(21). Suppose a = 386*p - 384*p - 666. Is 14 a factor of p?
False
Suppose -5*d = 3*t - 17415, -2*t + 4*d + 12043 = 433. Is 27 a factor of t?
True
Suppose 2*f - 2*p = p + 96, 0 = -2*f + p + 92. Let o = 50 - f. Let b = 29 - o. Is b a multiple of 22?
False
Let v(b) = 2*b**2 + 23*b + 22. Let t be v(-11). Let u(z) = 2*z**2 - 9*z + 2. Let a be u(t). Let o = a - -78. Is o a multiple of 44?
False
Suppose 84*b + 57 = 87*b. Let s = 53 + b. Is 12 a factor of s?
True
Suppose 2*k - 7*x = -2*x + 1, 0 = k + 4*x - 7. Suppose 1192 = k*s - 497. Is s a multiple of 8?
False
Suppose -446 - 1666 = -2*x. Suppose -10*i + 846 = -7*i. Suppose 0 = -9*q - i + x. Does 15 divide q?
False
Let c(w) = w**3 - 21*w**2 + 29*w + 12. Let s = -157 + 177. Is c(s) a multiple of 6?
True
Let f(s) = 4*s - 8. Let a be f(3). Suppose -73*d = -75*d + a. Suppose 3*u - d*u = 2*c + 21, -4*c = -3*u + 57. Is 3 a factor of u?
True
Suppose 2*n = -m + 4*n + 19, 77 = 5*m - n. Suppose -11*p = -m*p + 1068. Is 6 a factor of p?
False
Suppose -4*v = -2*v + 1432. Let p = v - -1673. Does 29 divide p?
True
Suppose -8*v + 95 = -193. Let q(b) = 18*b + 88. Is q(v) a multiple of 32?
True
Let o = 14846 - -9594. Does 76 divide o?
False
Let a(v) = -v**3 - v**2 + 3*v + 3. Let t be a(-4). Suppose 12*j - 321 = t. Suppose -6*y + 42 = -j. Does 3 divide y?
True
Let p = 99 - 99. Let l(r) = -8*r + 276. Is 29 a factor of l(p)?
False
Let v = -68 + -24. Let l = v + 58. Does 17 divide l*6/(-5)*50/15?
True
Let j = 100479 - 71159. Is 46 a factor of j?
False
Let z(b) = 3*b**3 - 4*b**2 + 2*b + 1. Let p be z(2). Let a(